 is divided by 41.
37
Calculate the remainder when 28273 is divided by 29.
27
Calculate the remainder when 85 is divided by 28.
1
What is the remainder when 17 is divided by 12?
5
What is the remainder when 23 is divided by 8?
7
Calculate the remainder when 102 is divided by 35.
32
What is the remainder when 1293 is divided by 30?
3
What is the remainder when 212 is divided by 31?
26
What is the remainder when 49 is divided by 4?
1
What is the remainder when 220 is divided by 28?
24
What is the remainder when 484 is divided by 156?
16
What is the remainder when 232 is divided by 74?
10
What is the remainder when 1235 is divided by 397?
44
What is the remainder when 466 is divided by 149?
19
What is the remainder when 144 is divided by 29?
28
What is the remainder when 1192 is divided by 5?
2
What is the remainder when 12558 is divided by 159?
156
What is the remainder when 386 is divided by 65?
61
Calculate the remainder when 1321 is divided by 169.
138
Calculate the remainder when 842 is divided by 13.
10
What is the remainder when 2075 is divided by 294?
17
What is the remainder when 1632 is divided by 234?
228
What is the remainder when 180 is divided by 4?
0
What is the remainder when 34162 is divided by 117?
115
Calculate the remainder when 152 is divided by 17.
16
What is the remainder when 265 is divided by 96?
73
Calculate the remainder when 719 is divided by 103.
101
Calculate the remainder when 92 is divided by 33.
26
What is the remainder when 1095 is divided by 331?
102
Calculate the remainder when 192 is divided by 60.
12
What is the remainder when 172 is divided by 11?
7
Calculate the remainder when 7865 is divided by 57.
56
What is the remainder when 44 is divided by 2?
0
Calculate the remainder when 73 is divided by 29.
15
Calculate the remainder when 54 is divided by 18.
0
Calculate the remainder when 662 is divided by 51.
50
Calculate the remainder when 545 is divided by 22.
17
Calculate the remainder when 131 is divided by 6.
5
What is the remainder when 216 is divided by 2?
0
Calculate the remainder when 41 is divided by 7.
6
Calculate the remainder when 61 is divided by 5.
1
What is the remainder when 5315 is divided by 35?
30
Calculate the remainder when 2488 is divided by 15.
13
Calculate the remainder when 3341 is divided by 18.
11
What is the remainder when 4828 is divided by 124?
116
Calculate the remainder when 58 is divided by 23.
12
Calculate the remainder when 729 is divided by 10.
9
Calculate the remainder when 12443 is divided by 68.
67
What is the remainder when 387 is divided by 8?
3
Calculate the remainder when 565 is divided by 115.
105
What is the remainder when 135 is divided by 35?
30
Calculate the remainder when 484 is divided by 17.
8
Calculate the remainder when 198 is divided by 94.
10
What is the remainder when 54 is divided by 19?
16
Calculate the remainder when 1991 is divided by 981.
29
What is the remainder when 2074 is divided by 6?
4
What is the remainder when 3579 is divided by 44?
15
What is the remainder when 60 is divided by 15?
0
Calculate the remainder when 302 is divided by 51.
47
Calculate the remainder when 2881 is divided by 14.
11
What is the remainder when 1422 is divided by 119?
113
What is the remainder when 1310 is divided by 168?
134
What is the remainder when 8552 is divided by 182?
180
What is the remainder when 3051 is divided by 49?
13
Calculate the remainder when 19 is divided by 18.
1
What is the remainder when 606 is divided by 16?
14
Calculate the remainder when 2054 is divided by 16.
6
Calculate the remainder when 84 is divided by 38.
8
What is the remainder when 65 is divided by 35?
30
What is the remainder when 101 is divided by 47?
7
What is the remainder when 735 is divided by 177?
27
Calculate the remainder when 701 is divided by 15.
11
What is the remainder when 22339 is divided by 33?
31
Calculate the remainder when 6162 is divided by 246.
12
Calculate the remainder when 846 is divided by 85.
81
Calculate the remainder when 3813 is divided by 159.
156
Calculate the remainder when 69 is divided by 16.
5
What is the remainder when 309 is divided by 152?
5
Calculate the remainder when 42 is divided by 20.
2
What is the remainder when 857 is divided by 78?
77
What is the remainder when 1817 is divided by 20?
17
Calculate the remainder when 454 is divided by 33.
25
Calculate the remainder when 9444 is divided by 89.
10
Calculate the remainder when 497 is divided by 139.
80
What is the remainder when 39 is divided by 5?
4
Calculate the remainder when 348 is divided by 96.
60
Calculate the remainder when 4616 is divided by 231.
227
Calculate the remainder when 467 is divided by 91.
12
Calculate the remainder when 110 is divided by 8.
6
What is the remainder when 1487 is divided by 48?
47
What is the remainder when 747 is divided by 15?
12
Calculate the remainder when 450 is divided by 11.
10
What is the remainder when 73 is divided by 26?
21
What is the remainder when 317 is divided by 84?
65
Calculate the remainder when 252 is divided by 105.
42
What is the remainder when 287 is divided by 148?
139
What is the remainder when 107 is divided by 16?
11
Calculate the remainder when 3821 is divided by 91.
90
What is the remainder when 103 is divided by 20?
3
Calculate the remainder when 2933 is divided by 105.
98
Calculate the remainder when 2050 is divided by 210.
160
What is the remainder when 380 is divided by 25?
5
What is the remainder when 9238 is divided by 12?
10
Calculate the remainder when 2765 is divided by 146.
137
Calculate the remainder when 2971 is divided by 85.
81
What is the remainder when 146 is divided by 42?
20
Calculate the remainder when 1144 is divided by 280.
24
Calculate the remainder when 289 is divided by 39.
16
What is the remainder when 766 is divided by 85?
1
What is the remainder when 475 is divided by 37?
31
What is the remainder when 133 is divided by 107?
26
What is the remainder when 268 is divided by 28?
16
Calculate the remainder when 537 is divided by 49.
47
Calculate the remainder when 4889 is divided by 4885.
4
Calculate the remainder when 152 is divided by 53.
46
Calculate the remainder when 343 is divided by 22.
13
What is the remainder when 114 is divided by 29?
27
What is the remainder when 151 is divided by 38?
37
What is the remainder when 178 is divided by 151?
27
Calculate the remainder when 2007 is divided by 7.
5
What is the remainder when 75 is divided by 31?
13
What is the remainder when 77 is divided by 6?
5
Calculate the remainder when 83 is divided by 2.
1
Calculate the remainder when 703 is divided by 39.
1
What is the remainder when 529 is divided by 59?
57
What is the remainder when 238 is divided by 48?
46
What is the remainder when 472 is divided by 68?
64
What is the remainder when 30 is divided by 9?
3
What is the remainder when 313 is divided by 45?
43
What is the remainder when 137 is divided by 49?
39
What is the remainder when 68 is divided by 15?
8
Calculate the remainder when 236 is divided by 80.
76
Calculate the remainder when 5305 is divided by 177.
172
Calculate the remainder when 837 is divided by 117.
18
Calculate the remainder when 77 is divided by 69.
8
Calculate the remainder when 117 is divided by 6.
3
What is the remainder when 303 is divided by 99?
6
Calculate the remainder when 368 is divided by 36.
8
What is the remainder when 846 is divided by 10?
6
What is the remainder when 146 is divided by 19?
13
Calculate the remainder when 312 is divided by 66.
48
What is the remainder when 528 is divided by 169?
21
What is the remainder when 140 is divided by 6?
2
Calculate the remainder when 3488 is divided by 10.
8
What is the remainder when 386 is divided by 129?
128
Calculate the remainder when 1382 is divided by 77.
73
What is the remainder when 394 is divided by 118?
40
Calculate the remainder when 142 is divided by 48.
46
Calculate the remainder when 457 is divided by 31.
23
What is the remainder when 45 is divided by 43?
2
What is the remainder when 4078 is divided by 214?
12
Calculate the remainder when 382 is divided by 20.
2
What is the remainder when 90 is divided by 23?
21
What is the remainder when 1037 is divided by 40?
37
Calculate the remainder when 2476 is divided by 123.
16
Cal